ate (29 - 3) + (-27 - 1 - (1332 + -1345)).
11
14 + -144 + 7 + 19 + (-21 - -12)
-113
What is the value of (-6 - (2 - 0)) + (-1203 - -1201) + 7?
-3
What is 34 - -1 - 91 - -82?
26
What is the value of 44 - (-25 + 89) - -53?
33
What is -177 + (226 - 23) - (-10 - (-1 + 3))?
38
What is the value of -31 + 33 + 33 + -10?
25
Evaluate -49 - (1 + -4) - ((105 - 58) + -39).
-54
What is (-61 + -27 - -35) + 16?
-37
Evaluate 39 - (-3 - -33 - (78 - 26)).
61
Calculate 18 - 20 - (84 + -19 - ((0 - 2) + -1)).
-70
What is the value of -44 + 22 - (4 + -2 - 17)?
-7
Calculate (8 + 9 - (-22 - -16)) + 12.
35
What is the value of 11 + (4 - (-24 + 32)) + -54?
-47
Calculate -16 + -1 - (-1611 - -1614).
-20
-34 + 2 + (-35 - -70) - (1 + -6 + -2)
10
What is the value of 74 - (47 + -33) - 126?
-66
Calculate 12 + (-6 - (4 - 4)) - -5 - (-146 + 119).
38
Evaluate -7 - -35 - (16 + -3) - -37.
52
-58 - (-49 - (-18 - -59))
32
Evaluate -3 + 0 + -7 + 22 + -25 + 0.
-13
Calculate (-5 - -3 - 0) + 1 + (60 - 12) + -22.
25
Evaluate (-14 - 11) + 15 + (7 - 1) + (-32 - -37).
1
Evaluate (38 - 28) + (-1 - -115) + (77 - 93).
108
Evaluate -13 + -35 + -5 + 15.
-38
46 + -5 - (-3 + 2)
42
-8665 + 8647 - (1 - -51 - 1)
-69
What is the value of (12 - (-17 + -9 - -19 - (-2 + -52))) + -1?
-36
What is 8 - (0 - 12 - (-26 - (10 - -66 - 19)))?
-63
-67 - (15 + -5 - (36 - 9))
-50
Evaluate (5 - 3) + 3 - 0 - (7 + -9).
7
1 + (33 - 4) + (23 - (8 - -18))
27
(-9 - -4 - -14) + (-69 - (6 - (27 - 26)))
-65
What is the value of -41 + (-45 - -77) + 29?
20
What is the value of (-326 - -307) + (3 - -30)?
14
Evaluate 19 + (3 - (43 - 17)) + -32.
-36
Evaluate (13 + -16 - (-3 + -4 + 3 + -2)) + 78.
81
-3631 + 3539 - (1 - 116)
23
What is (1 + -69 - (590 + -587)) + 6?
-65
(7 + 2 - 35 - (2 - 11)) + -9
-26
Calculate -5 + -14 + (7 - (-28 + 26)).
-10
What is 15 - 15 - 3 - 25 - (1 - 2)?
-27
Calculate -35 - (31 + -150 + 50).
34
What is the value of -8 + (23 - (14 + -8)) + -1 + -5?
3
Calculate 5 + 10 - (-9 + (12 - -5) + -13).
20
-12 + (25 + (-21 - -23) - -1)
16
What is (-26 - -1) + (-19 + 62 - 31)?
-13
Evaluate 20 + (6 - (72 + -26)) + -13.
-33
Evaluate 0 + (-33 - -8) - (369 - 350).
-44
What is -60 + (53 - (-13 + 34)) - (2 - (-4 + 0))?
-34
Evaluate (-156 - -186) + 1 + -1 + 10.
40
(-1 - 15) + -73 + 5
-84
What is (9 + 3 - (1 + 3 - -14)) + -20?
-26
What is the value of -1 - -12 - (18 + -3 - (14 - -69 - -2))?
81
Evaluate 1 + (-69 - -53 - -11) + -52 + (0 - 1).
-57
What is the value of -1015 + 1005 + (-2 + 3 - 9) + 116?
98
(2 - 8) + 23 + -29 + 21 + (8 - 14)
3
Calculate -9 + (44 - (169 - 70)).
-64
What is -52 - (-56 + 90 + -165) - (-19 - 1)?
99
Evaluate 60 - ((19 - 4) + 39 + -93 + 42).
57
What is the value of 9 + -1 + (41 - 71 - -11) + 3 - 124?
-132
What is the value of 15 + -6 + (-10 - 12) + 12 + -66?
-67
What is -9 - (-26 + -3 - (-23 - (-18 - 5)))?
20
Evaluate (-77 + -15 - 7) + 29 + -26.
-96
14 - ((3 - 1) + -103 + (-33 - -25))
123
What is the value of -75 + (75 - (15 - -13)) + 60?
32
Calculate 5 + -1 + 5 + (26 + -34 - -2).
3
Calculate 760 + -795 + ((-1 - -3) + -3 - -2 - 1).
-35
What is 17 - (6 + -9) - 99 - (-6 + 2 + 2)?
-77
-12 - (0 + 5 + (-20 - -12) + -4)
-5
What is (102 - (-4 - -10 - -39)) + -11?
46
Evaluate 2 - (-36 + -2) - (78 - 38 - 30).
30
Evaluate 70 + (13 + -1 - (-524 + 555)).
51
What is -35 + 94 + -52 - -15?
22
-33 + -4 - (-182 + 178) - -18
-15
Calculate -43 + (-59 - (-29 - -37 - -6)).
-116
What is (-23 - (-36 + -15)) + -16 - 17?
-5
Evaluate -23 + 100 + (-18 - 24) + 56.
91
Evaluate (-75 - -19 - (-142 - -93)) + -136 + 1.
-142
Calculate -417 - -420 - (0 + -54) - 16.
41
What is the value of -59 + (36 - -28) - (-1 - (2 + 3))?
11
What is the value of (12 - -1) + (-1 - (-24 - -1) - -5)?
40
Evaluate -68 + (-18 - -7 - 4 - (0 + 0)).
-83
What is the value of 128 + -10 + 42 - 100?
60
What is the value of -104 + 31 - -73 - (1 - -1)?
-2
What is the value of 10 + -58 + 0 + (-13 - -4 - -7)?
-50
8 + -1 + 11 + (272 - 273) + 25
42
Evaluate -13 + 11 + 2 + 0 - (19 + -62 + 41).
2
Calculate (-12 - -1) + 2 + -1 + 2479 + -2480 - 19.
-30
Evaluate -61 + (6 - ((7 - 1) + (3 - 21) + 29)).
-72
3 + -2 + 20 - (-57 - -78) - (-2 - 97)
99
Evaluate (-2 - -6 - (62 - -10)) + 2 + -6.
-72
7 - ((-8 - 2) + (-37 - -17))
37
What is the value of (49 - 0) + (-36 + 64 - 23) - (15 - 6)?
45
Evaluate -22 + (-70 - -84) - (-4 + -92).
88
-8 + (-10 - 1 - (48 - (-35 - -153))) + 10
61
What is -70 - (-30 + (-28 - -33) + 31)?
-76
(-1 - (5 - (61 - -1))) + (-33 - (41 + -78))
60
What is -13 + 5 - ((50 - 21) + -27) - -109?
99
Evaluate -22 + (-16 - (-11 - 31) - -12).
16
Evaluate 14 - (12 + 94 + (-3 - -8) + 2).
-99
-17 + (57 - 16 - 22) + 38
40
What is 17 + -12 + 9 - (-13 + -15 + 30)?
12
(0 - (3 + -31)) + (-1 + -25 - -16) + 20
38
What is the value of 1718 + -1730 + 53 + (1 - -2) + -7?
37
What is (4 - -20) + (-8 - (2 + -23))?
37
What is the value of 56 + (43 - 15) + -60?
24
What is -55 - 1 - (65 + -205 - -141)?
-57
-417 + 467 - (0 - -2)
48
Calculate 4 - 6 - (-77 - (3 - 61)).
17
Calculate -76 - (-13 + (-1 - 1 - (-42 - -29))).
-74
Evaluate (4 - -14) + 0 - (-77 - -98).
-3
What is the value of 31 + 2 + (-29 - -74) + -28?
50
Evaluate -2 + (3 - 0) + 14 + (90 - 101) + 60.
64
What is the value of (28 + -28 - -13) + (3 - (20 - 1))?
-3
What is the value of -18 - (17 - (-30 + 49 - -3))?
-13
What is the value of 16 + 2 + (140 - 206 - -47)?
-1
What is (1 - (12 + -1)) + -5 + (6 + 20 - 19)?
-8
Evaluate (-54 - (-25 - 35)) + -2 + 11.
15
Calculate (-59 - 9 - (-15 - 1)) + 13.
-39
14 + (36 - (-5 + 52)) - (94 + (-2 - -2))
-91
Evaluate 101 - (124 + (-138 - -60)).
55
What is -5 - (-69 + -24) - 56?
32
(31 - -46) + -130 - -55
2
What is the value of (-1 - -118) + (302 + -141 - 183)?
95
Evaluate 1 - -38 - (-3321 + 3356).
4
What is the value of (-13 - (-7 - (-13 + -12))) + -10?
-41
What is the value of -6 + -1 + -561 + 560?
-8
Calculate 2 + 76 + (-796 - -698).
-20
109 + -1 + (-10 - (-26 - -36 - (25 + 1)))
114
Evaluate (0 - (1 - -7) - (-54 + 23 - -15)) + -69.
-61
What is the value of -1 + -2 + -81 + 97 - 11 - (-2 - -3)?
1
Evaluate -10 + 9 + (-7 - -1) + 1 + (-2 - -3).
-5
What is 57 + (6 + -5 - (44 - 57))?
71
What is the value of -5 - ((0 - 8) + (-51 - (9 + 4) - -14))?
53
(2 - -6) + (35 + -6 - 16) + -37
-16
What is -7 + (42 - 43) + (-2 - (3 - -4)) + -10?
-27
18 + -10 + 8 - 18
-2
What is the value of -4 + (3 - (-5 + -5)) + (-121 - (35 - 39))?
-108
What is the value of (5 - -64) + (1173 - 1237)?
5
Evaluate 31 + (-24 - 27) + 49.
29
10502 + -10417 - (109 - 1)
-23
Evaluate 17 + (2 + -4 - -20) + -24.
11
Calculate -14 + (-1 - -23 - 15) - -31.
24
What is 4 + (10 - 29) + 5 + (-3 - -2 - 53)?
-64
Evaluate -30 + (-10 - -8) - 31.
-63
Calculate (-204 - -235) + (-8 - -17) + -85.
-45
What is -113 + -93 + 171 + (158 - -1)?
124
Evaluate -4 + 2 - 10 - (1 + (52 - 55)).
-10
What is the value of -7 - (-38 + 7 + -33)?
57
What is the value of 125 - (140 + -53 + -15)?
53
What is the value of (-1 - -26) + (118 - 116) - -14?
41
Calculate -25 - (-120 + -32 + 31).
96
What is 0 - (5 + 39 + 0 - ((-10 - -3) + 9))?
-42
(12 - -1 - 18) + (-1 - (-10 - -17))
-13
What is the value of 19 - (17 - 36 - -53) - 25?
-40
Evaluate 982 + -1037 - (18 + (-4 - -4)).
-73
Evaluate (-5 - 3) + (-7 + -15 - -16 - -8).
-6
Calculate -4 + 22 + -56 - (-3 + -7 + 2).
-30
9 + 5 + -25 - 13 - (-32 + -55)
63
What is the value of -14 + 31 - 22 - (13 + -11 - 43)?
36
What is 167 + -163 + 5 + 0 - 9?
0
What is the value of -15 + -57 - -65 - 52?
-59
What is the value of (126 - 176) + (-3 - -5) + -35?
-83
Evaluate -9 + (8 - -2) + 12 - (-3 - 39).
55
What is -109 + 68 - (-3 - (5 - (0 + (4 - 4))))?
-33
Evaluate (-11 - -1) + (7 - 21) + (28 - 9).
-5
Evaluate 84 + (-11 + ((13 - 1) + -4 - -3) - 8).
76
What is the value of 9 - (4 - (6 + -27) - (5 - -7))?
-4
Calculate (29 - -7 - 77) + (2 - 2).
-41
(4 - 5) + -11 + -9 + 13 - (30 + 5)
-43
What is -54 - (-34 + (-27 - -34))?
-27
(-14 - -1 - -8) + -75 + 86
6
Evaluate (35 - 9 - 100) + 37.
-37
What is the value of -63 - ((-7 - -53) + -57)?
-52
What is the value of 107 - (8 + 66 - 39)?
72
Evaluate -218 - -174 - (-19 - -9).
-34
What is (11 - (-11 - -104)) + 35?
-47
What is the value of -8 + (-43 - (-15 + -22))?
-14
(155 - -7 - 27) + (42 - 34)
143
What is the value of -2 - -14 - (217 + -77 + -210)?
82
What is the value of -9 - -27 - ((79 - 10) + -12)?
-39
Evaluate 16 + 